 prime number?
True
Let z(u) = -4*u - 1. Let v(s) = 1194*s + 86. Let n(w) = -v(w) - 12*z(w). Is n(-8) a prime number?
False
Suppose 0*u = 2*u - 4*w - 30982, 4*u - 62004 = -2*w. Is u a composite number?
True
Let s(k) = -31*k**3 - k**2 + 6*k + 6. Let o be s(-5). Suppose -29*p + o = -30*p. Let d = -1493 - p. Is d composite?
False
Let a(g) = -g**3 - 17*g**2 - 16*g + 17. Let w be a(-16). Let m be ((-34)/w)/((-1 - 3)/2). Is 2*(-42)/(-48)*28/m a composite number?
True
Let p(u) be the first derivative of u**3/3 - 5*u**2/2 + 39*u + 48. Is p(13) composite?
True
Is (26/4)/(-13)*(3 + -14965) prime?
True
Let u be 46/6 + (-6)/(-18). Suppose 0 = -u*n + 68 + 900. Is n composite?
True
Suppose 10*p + 20*p = 60. Suppose -4*i - p*q - 8041 = -34955, -2*i = 5*q - 13437. Is i a prime number?
False
Suppose 12*p = 42 + 18. Suppose 5*y - 4*w = -4668, -3*y - 1238 = -p*w + 1568. Let q = 1473 + y. Is q a composite number?
False
Let t = -74432 + 133573. Is t prime?
True
Let j = 114 + -67. Suppose j*o = 46*o + 5. Suppose -o*k + 34 = -1311. Is k prime?
True
Suppose -50568351 = -77*u + 18534760. Is u a composite number?
False
Let b = 188 + -185. Suppose 3*t - 2214 - 20463 = -b*i, 37813 = 5*i - 4*t. Is i a composite number?
False
Suppose -4 = h - 5*m, -h + 6*h + 2*m = 34. Let y(r) = -9*r - h*r - 3*r**2 + 11*r**2 + 8*r**2 - 31 + r**3. Is y(-14) a composite number?
False
Let d(u) = 100*u**2 - 2*u - 3. Let b(y) = -2 - 2*y - 2 + 3 + 101*y**2 - 3. Let v(k) = -5*b(k) + 6*d(k). Is v(1) prime?
False
Let x be (-25)/(-175) + 36/(-7). Let o(q) = -8429*q - 102. Is o(x) a prime number?
True
Suppose 51247 = 3*i + 4*h, -11*h + 68320 = 4*i - 8*h. Is i composite?
False
Let w = 339 + -359. Let z(l) = -l**3 - 16*l**2 + 49*l + 53. Is z(w) a prime number?
True
Suppose r - 2*x - 2161625 = 0, -4*r + 48*x - 51*x = -8646434. Is r a prime number?
True
Let f = 31032 - 4979. Is f prime?
True
Let q = -825 - -1856. Let k be ((-288)/56)/((-2)/553). Let c = k + q. Is c a composite number?
True
Let t be (-24)/(-56) - (-6)/(-42)*-4. Suppose -5*c - 192 = -2*c. Is (-16)/c - ((-3079)/4 + t) a prime number?
True
Suppose -3*z - 3*u + 16 = -4*u, 0 = -3*z - 3*u + 24. Suppose c - 17 = -3*l, 2*c + z = 5*l - 3*l. Suppose -c*n = n - 4011. Is n prime?
False
Suppose -5*w + 65 = 5*n, 0*n + 2*w = -4*n + 52. Is 400911/33 - n/(572/(-8)) prime?
True
Let i = -20 - -25. Let s = i - 437. Let t = -217 - s. Is t prime?
False
Let d(q) = -3 - 4 + 2 - 2 - 2*q. Let l be d(-5). Suppose -97 = -4*b + l*b. Is b a composite number?
False
Suppose -5*p + r = -937286, 58*p - 749829 = 54*p + r. Is p a prime number?
False
Suppose 0 = -4*h + 20, -20*o + 5*h = -23*o + 72868. Is o a composite number?
False
Let f be (-2)/(-3)*3/(-1). Let o be (520/50)/(f/20). Let w = 107 - o. Is w a prime number?
True
Let z = 1 + -43. Let p = z - -26. Let j(f) = -f**3 - 9*f**2 + 6*f - 3. Is j(p) a prime number?
True
Let h be (((-3)/(-6))/1)/(-1)*-4394. Let y = h - 1514. Is y prime?
True
Let d(v) = -18919*v**3 + 8*v**2 - 24*v - 47. Is d(-4) a prime number?
False
Suppose -5*q = 5*p - 412890, -8*p - 15 = -5*p. Is q composite?
True
Suppose 0 = -g - 474 + 1486. Suppose -1682 = 5*n - 4*o, -2*n + g = -5*n + o. Let k = -17 - n. Is k composite?
True
Suppose 23 = 3*u - 2*w, -12 = -7*w + 10*w. Suppose 3*y - u*g = 5939, -4*y - 5*g + 3*g = -7884. Is y a composite number?
False
Let h = -45412 + 224339. Is h prime?
False
Is (0 + -139079)*((6 - -4)/(-2) - -2) a prime number?
False
Let g(v) = -202*v**3 + 5*v**2 - 88*v + 7. Is g(-12) a prime number?
False
Suppose -9*g + 76344 = -465447. Is g prime?
False
Suppose -7579284 = -1112*t + 422*t + 265326. Is t a prime number?
True
Suppose 10648*p = 10673*p - 1830925. Is p composite?
False
Is ((-12)/(-8))/((-26117646)/(-1374612) - 19) a prime number?
False
Suppose -4*f - 265164 = -4*u + 453328, -4*f = -u + 179641. Is u composite?
True
Let l be ((-8)/(-36))/(3/18)*6. Let d be 4 + 1 - (-5 + 16). Is -1 + (-5708)/(-16) + d/l a composite number?
True
Let j = -19 - -19. Suppose -3*g + 9 = j, -4*c + 3*g = g - 11354. Suppose -5*h = -c - 365. Is h a prime number?
True
Suppose 2*q = -q - 27. Let j be (30/q)/((-8)/12). Suppose -5*p - j*h + 50 = 0, -p + 17 = 2*h + 7. Is p prime?
False
Let p(b) = b**2 - 4*b + 3. Let z be p(3). Suppose 4*a - 1720 = 3*w, 88 = -3*a - w + 1391. Suppose a + 18 = k + 4*t, 3*t = z. Is k a composite number?
True
Let y(d) be the third derivative of 1487*d**4/24 - 23*d**3/6 - 5*d**2 + 3. Is y(6) composite?
True
Suppose -37*q = -41*q + 84. Suppose 184124 + 60673 = q*c. Is c a composite number?
False
Let f(a) = -70*a**2 - 5*a - 12. Let w be f(7). Let h = -580 - w. Is h prime?
True
Suppose 9*m + 595 = 14*m. Suppose 8*g = g - m. Let h = g - -70. Is h composite?
False
Let j = 1096444 - 62655. Is j composite?
False
Let u = 439 + 593. Suppose -6*j = -3*j - 1077. Let k = u - j. Is k a composite number?
False
Suppose 377*n - 376*n + 5*i - 111736 = 0, i = -5. Is n composite?
True
Is (4334934/(-6))/(50/(-50)) composite?
False
Let m = 4980 - 3299. Suppose -t - 4*h = -5151, -17127 + m = -3*t - 5*h. Is t a prime number?
True
Let s be (-2)/(5 - 3)*(12 + -2). Is 14 - 426/30 - 11992/s composite?
True
Let c be 3/((-105)/(-28))*15415. Is (-5)/165*-11*(1 + c) a prime number?
True
Let l(v) = 68*v - 2*v**3 + 18 - 19*v**2 - 17*v**2 - 21*v - 16*v. Is l(-25) a composite number?
False
Let g(n) = 8*n**2 + 8*n + 29. Let m = 120 + -127. Let c be g(m). Suppose -w + 1172 = -c. Is w composite?
True
Suppose 157660 = -32*s + 1181276. Suppose p + 13705 + 18273 = 3*x, -3*x + s = p. Is x a composite number?
True
Let a = 44091 + -31262. Is a a composite number?
False
Suppose -5*w + 13*w - 3048 = 0. Is w/6*(-3)/(18/(-348)) composite?
True
Suppose 3*r = -20*r + 667. Let t(v) = v**3 - 28*v**2 + 45*v + 187. Is t(r) composite?
False
Suppose -3*p + 325*u = 328*u - 408780, -p = -u - 136262. Is p a prime number?
True
Let x(u) = -102*u + 67. Let g(j) = 51*j - 34. Let w(h) = -11*g(h) - 6*x(h). Let f(q) = -205*q + 111. Let z(y) = -2*f(y) - 9*w(y). Is z(-4) a prime number?
False
Let n(q) = 15*q**2 + 4*q**2 - 15 + q**2. Let r be n(-18). Suppose -22*b - r = -27*b. Is b prime?
False
Let f(b) = 2761*b - 139. Is f(22) a prime number?
False
Suppose 0 = -29*j + 18*j - 24981. Let c = j - -3352. Is c prime?
False
Let b be (4/(-1))/(-4 + 1 - -2). Let k be (3 - 0) + -5 + b. Is -1 + (6196/k - 4) a composite number?
True
Suppose 130 = -202*y + 212*y. Suppose 12*j + 3559 = y*j. Is j a prime number?
True
Let p(s) = 95*s - 11. Let v(q) = -92*q + 11. Let i(y) = -6*p(y) - 7*v(y). Let a(m) = m**3 - 8*m**2 - 9*m + 5. Let f be a(9). Is i(f) a composite number?
False
Let a(k) = 86*k + 27. Suppose -6*t + 318 = 276. Is a(t) prime?
False
Suppose 4*q - 6219 = 5*q. Let s = q - -8924. Is s composite?
True
Suppose -14*d + 589133 = 5*d. Is d prime?
False
Suppose 0 = -25*z + 26*z - 30. Suppose 11*g = 17*g + z. Is 118/4*(-8)/(g - -1) prime?
True
Let z(f) be the first derivative of -f**4 + 2*f**3/3 - 3*f**2/2 + 8*f - 64. Is z(-3) a composite number?
True
Let l(f) = 7 - 2 - 2*f - 6*f**3 + 8*f**2 - 1 + 5*f**2. Is l(-9) composite?
False
Let s be (-2)/20*4 - 135972/(-30). Suppose -c - 2*v - 3*v = -s, -15 = 5*v. Is c composite?
False
Suppose 4*y - 46 + 58 = 0. Is (30/(-20))/(y/4348) a composite number?
True
Let b = -16007 + 66825. Is b a composite number?
True
Let j be (-2 - -6)*(2 - 135/6). Let p = j + 229. Suppose i - 144 = p. Is i a composite number?
True
Let o(t) = 2*t**2 + 7*t - 5. Let b = 106 - 121. Let k be o(b). Suppose 2*q + k = 2018. Is q a prime number?
True
Suppose 1 = 15*o - 59. Suppose -10328 = -o*s + 4*y, 0*s + 5*y = -2*s + 5157. Is s a prime number?
False
Suppose -3*w + 12989 = 2*q - 22094, -4*w = -12. Suppose q = 60*h - 41*h. Is h composite?
True
Is (-15)/2 + (-126)/(-84) - 1*-315839 composite?
True
Let j be 1/2 - 16709/2. Let u = j - -15462. Suppose -72*f + u = -68*f. Is f prime?
True
Suppose z + 2054 = 5*q - 14236, -4*z = 0. Let i = q + 1229. Is i a composite number?
True
Let x(u) be the second derivative of -505*u**3/6 + 41*u**2/2 - 2*u + 64. Is x(-6) composite?
True
Let c be 2/(-2 + 3 + -2). Let z(g) = 77*g - 214*g + 113*g**2 - 14 + 71*g + 62*g. Is z(c) prime?
False
Let a(p) = -7*p - 23. Let g be a(7). Is 15084/g*2/(-1) a prime number?
True
Suppose 0 = 3*s + 5*i - 10264, -i + 0 - 4 = 0. Let a